{"id":206,"date":"2018-01-08T13:00:04","date_gmt":"2018-01-08T12:00:04","guid":{"rendered":"https:\/\/www.triforce-legend.com\/blog\/?page_id=206"},"modified":"2019-04-08T00:08:16","modified_gmt":"2019-04-07T22:08:16","slug":"fan-sprites-comics","status":"publish","type":"page","link":"https:\/\/www.triforce-legend.com\/v6\/fans\/fan-sprites-comics\/","title":{"rendered":"Fan Sprites Comics"},"content":{"rendered":"<p><img loading=\"lazy\" decoding=\"async\" class=\" alignright\" src=\"\/\/www.triforce-legend.com\/tl_v60\/images\/TLV6_FanSprites.png\" width=\"300\" height=\"254\"><strong class=\"capital\">S<\/strong>prites Comics, qu&#8217;est-ce c&#8217;est ? Il s&#8217;agit de minis bandes dessin\u00e9s en version jeu vid\u00e9o. Retrouvez des tonnes de pages dr\u00f4lement amusantes des aventures de Link de n&#8217;importe quel univers de Zelda ! Kasuto ? Bien s\u00fbr qu&#8217;elle s&#8217;y trouve dedans et certainement en super forme ! Si vous avez r\u00e9alis\u00e9 des sprites comics, n\u2019h\u00e9sitez pas \u00e0 les envoyer \u00e0 cette <strong><a href=\"mailto:fans@triforce-legend.com?subject=Fan Sprites Comics pour Triforce Legend\">adresse<\/a><\/strong> ! Ils doivent \u00eatre au format : <strong>GIF<\/strong>, <strong>JPG<\/strong> ou bien <strong>PNG<\/strong>. Le <strong>pseudo<\/strong> ou <strong>nom<\/strong> est indispensable et bien s\u00fbr, le <strong>nom de votre oeuvre<\/strong>.<\/p>\n<p>Notez que le maximum de sprites comics publi\u00e9s par semaine est d&#8217;un seul. Cette limite permet de faire durer plus longtemps la publication d\u2019un artiste sur le site.<\/p>\nngg_shortcode_0_placeholder\n","protected":false},"excerpt":{"rendered":"<p>Sprites Comics, qu&#8217;est-ce c&#8217;est ? Il s&#8217;agit de minis bandes dessin\u00e9s en version jeu vid\u00e9o. Retrouvez des tonnes de pages dr\u00f4lement amusantes des aventures de Link de n&#8217;importe quel univers de Zelda ! Kasuto ? Bien s\u00fbr qu&#8217;elle s&#8217;y trouve dedans et certainement en super forme ! Si vous avez r\u00e9alis\u00e9 des sprites comics, n\u2019h\u00e9sitez [&hellip;]<\/p>\n","protected":false},"author":1,"featured_media":0,"parent":879,"menu_order":0,"comment_status":"closed","ping_status":"closed","template":"","meta":{"ngg_post_thumbnail":0,"footnotes":""},"categories":[43],"tags":[],"class_list":["post-206","page","type-page","status-publish","hentry","category-fans"],"_links":{"self":[{"href":"https:\/\/www.triforce-legend.com\/v6\/wp-json\/wp\/v2\/pages\/206","targetHints":{"allow":["GET"]}}],"collection":[{"href":"https:\/\/www.triforce-legend.com\/v6\/wp-json\/wp\/v2\/pages"}],"about":[{"href":"https:\/\/www.triforce-legend.com\/v6\/wp-json\/wp\/v2\/types\/page"}],"author":[{"embeddable":true,"href":"https:\/\/www.triforce-legend.com\/v6\/wp-json\/wp\/v2\/users\/1"}],"replies":[{"embeddable":true,"href":"https:\/\/www.triforce-legend.com\/v6\/wp-json\/wp\/v2\/comments?post=206"}],"version-history":[{"count":0,"href":"https:\/\/www.triforce-legend.com\/v6\/wp-json\/wp\/v2\/pages\/206\/revisions"}],"up":[{"embeddable":true,"href":"https:\/\/www.triforce-legend.com\/v6\/wp-json\/wp\/v2\/pages\/879"}],"wp:attachment":[{"href":"https:\/\/www.triforce-legend.com\/v6\/wp-json\/wp\/v2\/media?parent=206"}],"wp:term":[{"taxonomy":"category","embeddable":true,"href":"https:\/\/www.triforce-legend.com\/v6\/wp-json\/wp\/v2\/categories?post=206"},{"taxonomy":"post_tag","embeddable":true,"href":"https:\/\/www.triforce-legend.com\/v6\/wp-json\/wp\/v2\/tags?post=206"}],"curies":[{"name":"wp","href":"https:\/\/api.w.org\/{rel}","templated":true}]}}