{"id":257,"date":"2018-01-08T13:00:41","date_gmt":"2018-01-08T12:00:41","guid":{"rendered":"https:\/\/www.triforce-legend.com\/blog\/?page_id=257"},"modified":"2019-04-18T17:43:58","modified_gmt":"2019-04-18T15:43:58","slug":"versions-du-site","status":"publish","type":"page","link":"https:\/\/www.triforce-legend.com\/v6\/site\/passe-du-site\/versions-du-site\/","title":{"rendered":"Versions du site"},"content":{"rendered":"<p><strong class=\"capital\">V<\/strong>ous avez envie de d\u00e9couvrir toutes les versions du site Triforce Legend entre 2002 et nos jours. Le site vous propose de revoir ces versions non pas sous forme d&#8217;image, mais bien en page cod\u00e9e d&#8217;origine. Faites votre choix en cliquant sur la version que vous souhaitez voir. Retour vers le pass\u00e9 !<\/p>\n<p>&nbsp;<\/p>\n<h3 class=\"subject-title\" style=\"text-align: center;\">&#8211; La premi\u00e8re version de Triforce Legend &#8211;<\/h3>\n<h5 style=\"text-align: center;\"><a href=\"\/\/www.triforce-legend.com\/site\/versions\/tl_old\/tl_classic.php\" target=\"_blank\" rel=\"noopener noreferrer\"><strong>Triforce Legend (2002) par Dark Linka\u00ebl<\/strong><\/a><\/h5>\n<p style=\"text-align: center;\">Il s&#8217;agit de la toute premi\u00e8re version de Triforce Legend, mais \u00e0 l&#8217;\u00e9poque le site n&#8217;avait pas encore de nom.<\/p>\n<p><img loading=\"lazy\" decoding=\"async\" class=\"aligncenter\" title=\"Version 2002\" src=\"\/\/www.triforce-legend.com\/site\/versions\/TL_V0.png\" alt=\"TL_V0\" width=\"250\" height=\"180\"><\/p>\n<p>&nbsp;<\/p>\n<h3 class=\"subject-title\" style=\"text-align: center;\">&#8211; Les versions de Triforce Legend &#8211;<\/h3>\n<h5 style=\"text-align: center;\"><a href=\"\/\/www.triforce-legend.com\/site\/versions\/tl_v10\/tl_v10.php\" target=\"_blank\" rel=\"noopener noreferrer\"><strong>Triforce Legend &#8211; Version 1.0 (2003-2005) par Dark Linka\u00ebl<\/strong><\/a><\/h5>\n<h5 style=\"text-align: center;\"><a href=\"\/\/www.triforce-legend.com\/site\/versions\/tl_v10_072003\/index.php\" target=\"_blank\" rel=\"noopener noreferrer\"><strong>Juillet 2003<\/strong><\/a> &#8211; <a href=\"\/\/www.triforce-legend.com\/site\/versions\/tl_v10_092003\/index.php\" target=\"_blank\" rel=\"noopener noreferrer\"><strong>Septembre 2003<\/strong><\/a> &#8211; <a href=\"\/\/www.triforce-legend.com\/site\/versions\/tl_v10_102003\/index.php\" target=\"_blank\" rel=\"noopener noreferrer\"><strong>Octobre 2003<\/strong><\/a> &#8211; <a href=\"\/\/www.triforce-legend.com\/site\/versions\/tl_v10_112003\/index.php\" target=\"_blank\" rel=\"noopener noreferrer\"><strong>Novembre 2003<\/strong><\/a><\/h5>\n<h5 style=\"text-align: center;\"><span style=\"color: #ff0000;\"><em><strong>&#8211; 18 D\u00e9cembre 2003 &#8211;<\/strong><\/em><\/span><\/h5>\n<p style=\"text-align: center;\">C&#8217;est la premi\u00e8re version officielle de Triforce Legend qui d\u00e9buta un jour du 22 Avril 2003.<\/p>\n<p><img loading=\"lazy\" decoding=\"async\" class=\"aligncenter\" title=\"Version 1.0\" src=\"\/\/www.triforce-legend.com\/site\/versions\/TL_V1.png\" alt=\"TL_V1\" width=\"250\" height=\"180\"><\/p>\n<p>&nbsp;<\/p>\n<hr>\n<p>&nbsp;<\/p>\n<h5 style=\"text-align: center;\"><a href=\"\/\/www.triforce-legend.com\/site\/versions\/tl_v20\/tl_v20.php\" target=\"_blank\" rel=\"noopener noreferrer\"><strong>Triforce Legend &#8211; Version 2.0 (2005-2006) par Dark Linka\u00ebl<\/strong><\/a><\/h5>\n<h5 style=\"text-align: center;\"><span style=\"color: #ff0000;\"><em><strong>&#8211; 20 F\u00e9vrier 2005 &#8211;<\/strong><\/em><\/span><\/h5>\n<p style=\"text-align: center;\">Deux ans apr\u00e8s la cr\u00e9ation de Triforce Legend, le site conna\u00eet sa deuxi\u00e8me version.<\/p>\n<p><img loading=\"lazy\" decoding=\"async\" class=\"aligncenter\" title=\"Version 2.0\" src=\"\/\/www.triforce-legend.com\/site\/versions\/TL_V2.png\" alt=\"TL_V2\" width=\"250\" height=\"180\"><\/p>\n<p>&nbsp;<\/p>\n<hr>\n<p>&nbsp;<\/p>\n<h5 style=\"text-align: center;\"><a href=\"\/\/www.triforce-legend.com\/site\/versions\/tl_v30\/tl_v30.php\" target=\"_blank\" rel=\"noopener noreferrer\"><strong>Triforce Legend &#8211; Version 3.0 (2006-2009) par Dark Linka\u00ebl<\/strong><\/a><\/h5>\n<h5 style=\"text-align: center;\"><span style=\"color: #ff0000;\"><em><strong>&#8211; 28 Janvier 2006 &#8211;<\/strong><\/em><\/span><\/h5>\n<p style=\"text-align: center;\">La version 3 de Triforce Legend portant le nom de &#8220;Absolute Version&#8221;.<\/p>\n<p><img loading=\"lazy\" decoding=\"async\" class=\"aligncenter\" title=\"Version 3.0\" src=\"\/\/www.triforce-legend.com\/site\/versions\/TL_V3.png\" alt=\"TL_V3\" width=\"250\" height=\"180\"><\/p>\n<p>&nbsp;<\/p>\n<hr>\n<p>&nbsp;<\/p>\n<h5 style=\"text-align: center;\"><a href=\"\/\/www.triforce-legend.com\/site\/versions\/tl_v40\/tl_v40.php\" target=\"_blank\" rel=\"noopener noreferrer\"><strong>Triforce Legend &#8211; Version 4.0 (2009-2013) par Dark Linka\u00ebl<\/strong><\/a><\/h5>\n<h5 style=\"text-align: center;\"><span style=\"color: #ff0000;\"><em><strong>&#8211; 02 Avril 2009 &#8211;<\/strong><\/em><\/span><\/h5>\n<p style=\"text-align: center;\">Pour la premi\u00e8re fois, Triforce Legend utilise des couleurs plus sombres pour la version 4 nomm\u00e9e &#8220;Member&#8217;s Version&#8221;. Il y a du flash dans cette version, activez les flashs pour afficher \u00e0 100%.<\/p>\n<p><img loading=\"lazy\" decoding=\"async\" class=\"aligncenter\" title=\"Version 4.0\" src=\"\/\/www.triforce-legend.com\/site\/versions\/TL_V4.png\" alt=\"TL_V4\" width=\"250\" height=\"180\"><\/p>\n<p>&nbsp;<\/p>\n<hr>\n<p>&nbsp;<\/p>\n<h5 style=\"text-align: center;\"><a href=\"\/\/www.triforce-legend.com\/site\/versions\/tl_v50\/tl_v50.php\" target=\"_blank\" rel=\"noopener noreferrer\"><strong>Triforce Legend &#8211; Version 5.0 (2013-2019) par Dark Linka\u00ebl<\/strong><\/a><\/h5>\n<h5 style=\"text-align: center;\"><span style=\"color: #ff0000;\"><em><strong>&#8211; 19 Juin 2013 &#8211;<\/strong><\/em><\/span><\/h5>\n<p style=\"text-align: center;\">Pour les 10 ans de Triforce Legend, une version 5 &#8220;Renaissance Version&#8221; f\u00eate cet \u00e9v\u00e8nement et retrouve des couleurs plus claires. Il y a du flash dans cette version, activez les flashs pour afficher \u00e0 100%.<\/p>\n<p><img loading=\"lazy\" decoding=\"async\" class=\"aligncenter\" title=\"Version 5.0\" src=\"\/\/www.triforce-legend.com\/site\/versions\/TL_V5.png\" alt=\"TL_V5\" width=\"250\" height=\"180\"><\/p>\n<p>&nbsp;<\/p>\n<hr>\n<p>&nbsp;<\/p>\n<h5 style=\"text-align: center;\"><!--<a href=\"\/\/www.triforce-legend.com\/site\/versions\/tl_v60\/tl_v60.php\" target=\"_blank\" rel=\"noopener noreferrer\">--><strong>Triforce Legend &#8211; Version 6.0 (2019-Maintenant) par Dark Linka\u00ebl<\/strong><\/h5>\n<h5 style=\"text-align: center;\"><span style=\"color: #ff0000;\"><em><strong>&#8211; 21 Mars 2019 &#8211;<\/strong><\/em><\/span><\/h5>\n<p style=\"text-align: center;\">Apr\u00e8s presque 16 ans d&#8217;existence, Triforce Legend change de formule pour devenir un site plus ax\u00e9 sur les fans. C&#8217;est une nouvelle aventure. Quant au nom &#8220;Liberty Version&#8221;, il \u00e9voque deux choses : Le souhait de son webmaster de se lib\u00e9rer d&#8217;un poids devenu trop lourd avec le temps et la libert\u00e9 pour les membres de travailler sur ce qu&#8217;ils ont envie de faire.<\/p>\n<p><img loading=\"lazy\" decoding=\"async\" class=\"aligncenter\" title=\"Version 6.0\" src=\"\/\/www.triforce-legend.com\/site\/versions\/TL_V6.png\" alt=\"TL_V6\" width=\"250\" height=\"180\"><\/p>\n","protected":false},"excerpt":{"rendered":"<p>Vous avez envie de d\u00e9couvrir toutes les versions du site Triforce Legend entre 2002 et nos jours. Le site vous propose de revoir ces versions non pas sous forme d&#8217;image, mais bien en page cod\u00e9e d&#8217;origine. Faites votre choix en cliquant sur la version que vous souhaitez voir. Retour vers le pass\u00e9 ! &nbsp; &#8211; [&hellip;]<\/p>\n","protected":false},"author":1,"featured_media":0,"parent":6664,"menu_order":0,"comment_status":"closed","ping_status":"closed","template":"","meta":{"ngg_post_thumbnail":0,"footnotes":""},"categories":[90,47],"tags":[],"class_list":["post-257","page","type-page","status-publish","hentry","category-passe-du-site","category-site"],"_links":{"self":[{"href":"https:\/\/www.triforce-legend.com\/v6\/wp-json\/wp\/v2\/pages\/257","targetHints":{"allow":["GET"]}}],"collection":[{"href":"https:\/\/www.triforce-legend.com\/v6\/wp-json\/wp\/v2\/pages"}],"about":[{"href":"https:\/\/www.triforce-legend.com\/v6\/wp-json\/wp\/v2\/types\/page"}],"author":[{"embeddable":true,"href":"https:\/\/www.triforce-legend.com\/v6\/wp-json\/wp\/v2\/users\/1"}],"replies":[{"embeddable":true,"href":"https:\/\/www.triforce-legend.com\/v6\/wp-json\/wp\/v2\/comments?post=257"}],"version-history":[{"count":0,"href":"https:\/\/www.triforce-legend.com\/v6\/wp-json\/wp\/v2\/pages\/257\/revisions"}],"up":[{"embeddable":true,"href":"https:\/\/www.triforce-legend.com\/v6\/wp-json\/wp\/v2\/pages\/6664"}],"wp:attachment":[{"href":"https:\/\/www.triforce-legend.com\/v6\/wp-json\/wp\/v2\/media?parent=257"}],"wp:term":[{"taxonomy":"category","embeddable":true,"href":"https:\/\/www.triforce-legend.com\/v6\/wp-json\/wp\/v2\/categories?post=257"},{"taxonomy":"post_tag","embeddable":true,"href":"https:\/\/www.triforce-legend.com\/v6\/wp-json\/wp\/v2\/tags?post=257"}],"curies":[{"name":"wp","href":"https:\/\/api.w.org\/{rel}","templated":true}]}}